+ 9*r + 162. Let f = r - -27. Suppose f*g = -7*g + 980. What is the hundreds digit of g?
1
Suppose 5*n = -15, c + 4*n = -0*c + 141. Let m = 156 - c. What is the units digit of m?
3
Let f(g) = -23*g + 88. Suppose 4*u + 24 + 121 = -5*p, -4*u - 140 = 4*p. What is the units digit of f(u)?
8
Let h(n) = 3*n**2 - 2*n + 50. Let j be h(15). Suppose 56*l - j = 51*l. What is the units digit of l?
9
Let l be ((-6)/3)/(2 - (-3 + 7)). Let x be 11 - -23 - -2*l/(-2). Suppose -4*i - 4*h - 1 = -x, 0 = -2*i - h + 18. What is the units digit of i?
0
Suppose -1788898 = -24*z + 170918. What is the ten thousands digit of z?
8
Let q(v) = 6*v + 6. Let j be q(-1). Suppose j = -5*w + 6*w - 490. Let x = w - 283. What is the units digit of x?
7
Let y(j) = 409*j + 6509. What is the tens digit of y(7)?
7
Let f be -3 + 1 - 28/(-2). Suppose -h - 2*h = -f. Suppose -o - 69 = -s, 2*s - h*o = -0*s + 132. What is the tens digit of s?
7
Suppose 0 = 521*w - 563*w + 2369346. What is the units digit of w?
3
Suppose -43*o + 110781 = -489499. What is the hundreds digit of o?
9
Let m(s) = -8 - 7 - s - s + 5*s. Suppose -5*g = 8*r - 4*r - 59, -5*r = 20. What is the units digit of m(g)?
0
Suppose 3*d - 1057 = 2285. Suppose 253*p = 251*p + d. What is the tens digit of p?
5
Suppose 4*c = -4*w - 676, 0 = -w + c - 0*c - 177. Let t = 21 - w. What is the units digit of t?
4
Let c = 90 + -78. Suppose 0 = 4*o - c, -2*p = -6*p + 2*o + 618. Let k = p + -65. What is the units digit of k?
1
Suppose 26*g - 165*g + 547660 = 0. What is the tens digit of g?
4
Suppose u - s = 4*u - 26, 5*u - 44 = -2*s. Suppose 3*f - 650 = 3*k + 2*k, 2*k + u = 0. What is the tens digit of f?
1
Let a(s) = -4*s - 132. Let r be a(-34). Suppose -r*g - g = -3250. What is the units digit of g?
0
Let b be (-2)/(-1)*(27 + 7). Suppose 6*m = -11*m + b. Suppose 9*a = m*a + 1180. What is the tens digit of a?
3
Let a be 2902/14 + (-14)/49. What is the tens digit of ((-69)/a)/((-2)/2874)?
7
Let r(h) = 68*h**2 - h + 1. Let p be (0/(-3))/(1 - 0). Suppose c + p*c - 1 = 0. What is the tens digit of r(c)?
6
Let i(u) = u**2 - 23*u + 11. Let j be i(23). What is the hundreds digit of (1 - j)/(12/(-222))?
1
Let l(s) = 3 + 0*s**3 + 1 - 5*s**2 - 5*s + 2*s - 3*s**3. Suppose 2*c - 20 = 7*c. What is the tens digit of l(c)?
2
Let p(o) be the first derivative of 9*o**2/2 + 183*o + 7. What is the hundreds digit of p(23)?
3
Suppose 117*z - 118*z = 2*v - 607, 3063 = 5*z - 4*v. What is the hundreds digit of z?
6
Suppose -33 = -2*h - 3*u, 4*u + 47 + 11 = 3*h. Let b = 21 - h. Suppose 0 = -2*y - b*f + 47, 0 = -5*y + 6*f - 2*f + 129. What is the units digit of y?
5
Suppose -3*w - 177 = 3*r, 0 = -w + 1. What is the tens digit of (r/10 - -7)/(2/538)?
6
Let w(c) = -7*c - 46. Let t be w(-7). Suppose -4*p + 3*b + 1216 = -0*p, 0 = t*p + 3*b - 891. What is the hundreds digit of p?
3
Let y = -120 - -105. Let k(s) = -s - 11. Let b be k(y). Suppose 2*i - 2*g - 2*g = 140, -i - b*g = -88. What is the tens digit of i?
7
Let n be 1772/(-6)*33/(-22). Suppose -w + n = 3*v, -152 = -v + 2*w + 2*w. What is the tens digit of v?
4
Let j(u) = u**3 - 2*u**2 + u - 2. Suppose -5*o - 3 = -13. Let x be j(o). Suppose 9*f - 5*f - 156 = x. What is the tens digit of f?
3
Let t(a) = a**3 - 10*a**2 + 2*a - 8. Let c be t(10). Suppose 182 + 157 = b + 4*v, c = -4*v. What is the tens digit of b?
5
Let p(i) = i**3 - 16*i**2 - 30. Let b be p(16). Let d = b + 122. Suppose 4*r - 344 = -d. What is the units digit of r?
3
Suppose 4*r + 3*b = 4, 5*r + 5*b - 8 = -3. Let v = r - 0. What is the units digit of (3/15)/v - (-528)/10?
3
Let c = 633 - 930. Let o = 739 + c. Suppose 2*g - o = -2*f, 3*f - 659 = -3*g - f. What is the tens digit of g?
2
Let s be 1116/(-10)*(-35)/14. Suppose -p - 7 = -11. Suppose s = p*a - x - 365, -4*a = x - 636. What is the tens digit of a?
6
Let v be (-4 - 9/(-1)) + -3. Let i be ((-3)/(-7) - -1)/(v/14). What is the tens digit of 3*(6/10)/(i/350)?
6
Suppose 1505 = b - 7274. What is the units digit of b?
9
Suppose 0 = 4*t - 18 + 142. Let u = t - -21. What is the tens digit of (u/2)/(8/(-232))?
4
Let b(k) = -13*k - 64. Let d be b(-9). Suppose 60*y = d*y + 3101. What is the tens digit of y?
4
Let g(i) = -15*i + 3*i + 2 + 5*i + 8*i + 2*i**2 + i**3. Let o be g(5). Suppose -166 - o = -4*k. What is the units digit of k?
7
Suppose 9 = m - 3*c - 9, 3*c + 15 = 0. Let v = 217 - 129. Suppose 0 = f - 2*q - m*q - v, -98 = -f - 5*q. What is the units digit of f?
3
Suppose -v = 2*v - 21. Let i be (3/6*0)/(v + -11). What is the tens digit of -27 + 91 - (-3 + 1 + i)?
6
Let y = -23312 + 36118. What is the ten thousands digit of y?
1
Let u = -27 + 53. Suppose u*o - 30*o + 848 = 0. What is the units digit of o?
2
Let v = 268 + -270. What is the tens digit of (v/1 - -4) + 123?
2
Let n(v) be the second derivative of -v**5/10 - 4*v**4/3 + 17*v**3/6 - 9*v**2/2 + 6*v. What is the tens digit of n(-10)?
2
Let y = -7 + -22. Let x(i) = 5*i - 9. Let g be x(8). Let m = g - y. What is the tens digit of m?
6
Let s(w) = -17*w**3 - 7*w**2 + 45*w + 332. What is the units digit of s(-7)?
5
Suppose 22499 = 4*y - 3*t - 31017, -26772 = -2*y - 2*t. What is the thousands digit of y?
3
Let g(h) = -h**3 - 18*h**2 + 38*h - 32. Let u be g(-20). What is the units digit of (42/15)/(u/260)?
1
Suppose -15*w + 13*w + 12737 = 5*g, 0 = 5*g + 5*w - 12740. What is the units digit of g?
7
Suppose 10*x - 109052 = 13248. What is the thousands digit of x?
2
Let z be ((-12)/4)/(-6)*(-12)/2. Let y be (205 + 1 - 2) + 5 + z. Let s = y + -123. What is the units digit of s?
3
Suppose 4*w - 56 = -3*w. Suppose 2*o - 30 = -2*n, w - 98 = -4*o + 2*n. What is the tens digit of 515/o + (-2)/(-8)?
2
Let h(t) = -226*t + 4772. What is the tens digit of h(-65)?
6
Let n(l) = l**3 - 10*l**2 + 11*l - 2. Let m be n(9). Suppose 3*q + 5*v = q + m, 8 = q + 5*v. Suppose 0 = 3*j - 22 - q. What is the tens digit of j?
1
Let k(n) = -4*n**3 - n**2 + 1. Let x be k(-1). Suppose x*i - 58 = 2*d, -7*i + 2*d + 43 = -4*i. What is the tens digit of i/5 - -6 - -2?
1
Suppose -319 - 233 = -2*g. Suppose 0 = 64*f + 5834 + 5558. Let m = g + f. What is the units digit of m?
8
Suppose -14*b + 10*b = -28. Let n(f) = -f**3 + 11*f**2 - 11*f - 16. Let h be n(b). Let z = -97 + h. What is the units digit of z?
6
Suppose -3*r - 3*t + 48 = -7*t, 3*r - 42 = 2*t. Suppose -r*v = 4*v - 64. Suppose 2*a = 3*a + w - 163, -5*w + 656 = v*a. What is the hundreds digit of a?
1
Let i(j) = 2*j**2 - 5*j + 122. Let q(p) = 2*p**2 - 5*p + 118. Let t(k) = 7*i(k) - 6*q(k). What is the tens digit of t(14)?
6
Suppose -194*n + 7691779 = -1012807. What is the ten thousands digit of n?
4
Let s(z) = z**3 + 15*z**2 - z - 13. Let x be s(-15). Suppose x*l = 5*l + 36. Let k(c) = c**2 + 7*c - 13. What is the units digit of k(l)?
7
Let o = 69 + -189. Let s = o + 170. What is the units digit of s?
0
What is the hundreds digit of 3060/(-360) - (-125391)/2?
6
Suppose -15 = -4*l + s, -3*s - 3 = 6. Suppose 0 = -k - 3*y, l*k + k - 3*y = 0. Suppose t - 56 = -h + 14, 2*h + 2 = k. What is the units digit of t?
1
Let r(l) be the third derivative of 11/60*l**5 + 1/24*l**4 + 18*l**2 + 0*l - 5/3*l**3 - 1/120*l**6 + 0. What is the units digit of r(9)?
1
Suppose s + 2*s + 1086 = -3*t, -718 = 2*s - 4*t. Let u = -243 - s. What is the units digit of u?
8
Suppose 4*c - 2*d - 29 = 2455, -2 = -d. What is the hundreds digit of c?
6
Suppose -2*v + 2192 = -3*s, -2*s - 1486 = -2*v + 710. Let h = v + -603. What is the units digit of h?
9
Suppose 0 = -2*d - 13*s + 18*s + 7902, -5*d + 19639 = 2*s. What is the thousands digit of d?
3
Let m be 1492 + (3 - (-3 + 7)). Suppose -m = -2*x + 2463. What is the units digit of x?
7
Let f(k) = -k**3 + 23*k**2 - 21*k - 16. Let p be f(22). Let v be (-20)/p - (-16)/12. What is the tens digit of (-4)/8*1 + (-49)/v?
2
Let f(q) = q**2 - 13*q + 9. Let u be f(13). Let i(r) = 2*r**3 - 13*r**2 + 19*r - 67. What is the tens digit of i(u)?
0
Suppose -26 = -8*c + 3*c + 2*r, 3*c + 3*r - 3 = 0. Suppose -932 = -2*g - 2*x, 2*g + 0*g - 927 = 3*x. Suppose g = -c*t + 9*t. What is the units digit of t?
3
Suppose 30 = -5*h, -5*w + 321*h = 317*h - 58399. What is the tens digit of w?
7
Suppose -653912 = -70*b - 254632. What is the tens digit of b?
0
Let h(t) = t**2 + 3*t - 5. Let u(q) = q**2 + 4*q - 4. Let w(k) = -6*h(k) + 7*u(k). L